{"id":986,"date":"2023-10-23T15:46:13","date_gmt":"2023-10-23T13:46:13","guid":{"rendered":"https:\/\/www.utopians.land\/?page_id=986"},"modified":"2025-10-18T13:21:38","modified_gmt":"2025-10-18T11:21:38","slug":"imprint","status":"publish","type":"page","link":"https:\/\/www.utopians.land\/index.php\/imprint\/","title":{"rendered":"Imprint"},"content":{"rendered":"\t\t<div data-elementor-type=\"wp-page\" data-elementor-id=\"986\" class=\"elementor elementor-986\">\n\t\t\t\t\t\t<section class=\"elementor-section elementor-top-section elementor-element elementor-element-795fcce elementor-section-boxed elementor-section-height-default elementor-section-height-default\" data-id=\"795fcce\" data-element_type=\"section\" data-e-type=\"section\">\n\t\t\t\t\t\t<div class=\"elementor-container elementor-column-gap-default\">\n\t\t\t\t\t<div class=\"elementor-column elementor-col-100 elementor-top-column elementor-element elementor-element-8c949c2\" data-id=\"8c949c2\" data-element_type=\"column\" data-e-type=\"column\">\n\t\t\t<div class=\"elementor-widget-wrap elementor-element-populated\">\n\t\t\t\t\t\t<div class=\"elementor-element elementor-element-d548104 elementor-widget elementor-widget-text-editor\" data-id=\"d548104\" data-element_type=\"widget\" data-e-type=\"widget\" data-widget_type=\"text-editor.default\">\n\t\t\t\t<div class=\"elementor-widget-container\">\n\t\t\t\t\t\t\t\t\t<section class=\"inner-content body-section clearfix\">\n<div class=\"single-content\">\n<div class=\"vc_row wpb_row vc_row-fluid\">\n<div class=\"wpb_column vc_column_container vc_col-sm-12\">\n<div class=\"vc_column-inner \">\n<div class=\"wpb_wrapper\">\n<h1 class=\"vc_custom_heading\"><span style=\"color: #000000;\">IMPRINT<\/span><\/h1>\n<div class=\"wpb_text_column wpb_content_element \">\n<div class=\"wpb_wrapper\">&nbsp;<\/div>\n<\/div>\n<div class=\"wpb_text_column wpb_content_element \">\n<div class=\"wpb_wrapper\">\n<div class=\"template-page content av-content-full alpha units\">\n<div class=\"post-entry post-entry-type-page post-entry-12441\">\n<div class=\"entry-content-wrapper clearfix\">\n<div class=\"flex_column_table av-equal-height-column-flextable -flextable\">\n<div class=\"flex_column av_three_fifth no_margin flex_column_table_cell av-equal-height-column av-align-top first avia-builder-el-2 el_after_av_section el_before_av_two_fifth avia-builder-el-first \">\n<section class=\"av_textblock_section \">\n<div class=\"avia_textblock \">&nbsp;<\/div>\n<\/section>\n<section class=\"av_textblock_section \">\n<div class=\"avia_textblock \">\n<div id=\"generatorPreviewWrapper\">\n<div id=\"generatorPreview\">\n<p><span style=\"color: #000000;\"><strong>Angaben gem\u00e4\u00df \u00a7 5 TMG:<\/strong><\/span><\/p>\n<p><span style=\"color: #000000;\">Fotograf<\/span><br><span style=\"color: #000000;\">Felix Lammers<\/span><\/p>\n<p><span style=\"color: #000000;\"><strong>Postanschrift:<\/strong><\/span><br><span style=\"color: #000000;\">Hochkirchstrasse 6<\/span><br><span style=\"color: #000000;\">10829 Berlin<\/span><\/p>\n<p><span style=\"color: #000000;\"><strong>Kontakt:<\/strong><\/span><\/p>\n<p><span style=\"color: #000000;\">Telefon: +49 30 78954364\u202c<\/span><br><span style=\"color: #000000;\">E-Mail: info@felixlammers.com<\/span><\/p>\n<p><span style=\"color: #000000;\"><strong>Umsatzsteuer-Identifikationsnummer<\/strong><\/span><\/p>\n<p><span style=\"color: #000000;\">DE118862973<\/span><\/p>\n<p><span style=\"color: #000000;\"><strong>Die Berufshaftpflichtversicherung wurde abgeschlossen bei:<\/strong><\/span><\/p>\n<p><span style=\"color: #000000;\">Mannheimer Versicherung AG<\/span><br><span style=\"color: #000000;\">68127 Mannheim<\/span><\/p>\n<p><span style=\"color: #000000;\"><strong>Geltungsbereich des Versicherungsschutzes:<\/strong><\/span><\/p>\n<p><span style=\"color: #000000;\">weltweit<\/span><\/p>\n<p><span style=\"color: #000000;\"><strong>Urheberrechtliche Hinweise<\/strong><\/span><\/p>\n<p><span style=\"color: #000000;\">Felix Lammers<\/span><\/p>\n<p><span style=\"color: #000000;\">Die durch den Seitenbetreiber erstellten Inhalte und Werke auf diesen Seiten unterliegen dem deutschen Urheberrecht. Die Vervielf\u00e4ltigung, Bearbeitung, Verbreitung und jede Art der Verwertung au\u00dferhalb der Grenzen des Urheberrechtes bed\u00fcrfen der schriftlichen Zustimmung des jeweiligen Autors bzw. Erstellers. Downloads und Kopien dieser Seite sind nur f\u00fcr den privaten, nicht kommerziellen Gebrauch gestattet. Soweit die Inhalte auf dieser Seite nicht vom Betreiber erstellt wurden, werden die Urheberrechte Dritter beachtet. Insbesondere werden Inhalte Dritter als solche gekennzeichnet. Sollten Sie trotzdem auf eine Urheberrechtsverletzung aufmerksam werden, bitten wir um einen entsprechenden Hinweis. Bei Bekanntwerden von Rechtsverletzungen werden wir derartige Inhalte umgehend entfernen.<\/span><\/p>\n<p><em><span style=\"color: #000000;\">Das Impressum wurde mit dem<\/span> <a href=\"https:\/\/www.activemind.de\/datenschutz\/impressums-generator\/\">Impressums-Generator der activeMind AG&nbsp;<\/a><span style=\"color: #000000;\">erstellt.<\/span><\/em><\/p>\n<\/div>\n<\/div>\n<\/div>\n<\/section>\n<div class=\"hr hr-custom hr-center hr-icon-no avia-builder-el-6 el_after_av_textblock el_before_av_textblock \">&nbsp;<\/div>\n<section class=\"av_textblock_section \">\n<div class=\"avia_textblock \">&nbsp;<\/div>\n<\/section>\n<\/div>\n<\/div>\n<\/div>\n<\/div>\n<\/div>\n<\/div>\n<\/div>\n<\/div>\n<\/div>\n<\/div>\n<\/div>\n<div class=\"vc_row wpb_row vc_row-fluid\">\n<div class=\"wpb_column vc_column_container vc_col-sm-12\">\n<div class=\"vc_column-inner \">\n<div class=\"wpb_wrapper\">&nbsp;<\/div>\n<\/div>\n<\/div>\n<\/div>\n<div class=\"vc_row wpb_row vc_row-fluid\">\n<div class=\"wpb_column vc_column_container vc_col-sm-12\">\n<div class=\"vc_column-inner \">\n<div class=\"wpb_wrapper\">&nbsp;<\/div>\n<\/div>\n<\/div>\n<\/div>\n<\/div><\/section>\t\t\t\t\t\t\t\t<\/div>\n\t\t\t\t<\/div>\n\t\t\t\t\t<\/div>\n\t\t<\/div>\n\t\t\t\t\t<\/div>\n\t\t<\/section>\n\t\t\t\t<\/div>\n\t\t","protected":false},"excerpt":{"rendered":"<p>IMPRINT &nbsp; &nbsp; Angaben gem\u00e4\u00df \u00a7 5 TMG: FotografFelix Lammers Postanschrift:Hochkirchstrasse 610829 Berlin Kontakt: Telefon: +49 30 78954364\u202cE-Mail: info@felixlammers.com Umsatzsteuer-Identifikationsnummer DE118862973 Die Berufshaftpflichtversicherung wurde abgeschlossen bei: Mannheimer Versicherung AG68127 Mannheim Geltungsbereich des Versicherungsschutzes: weltweit Urheberrechtliche Hinweise Felix Lammers Die durch den Seitenbetreiber erstellten Inhalte und Werke auf diesen Seiten unterliegen dem deutschen Urheberrecht. Die Vervielf\u00e4ltigung, [&hellip;]<\/p>\n","protected":false},"author":1,"featured_media":0,"parent":0,"menu_order":0,"comment_status":"closed","ping_status":"closed","template":"","meta":{"footnotes":""},"class_list":["post-986","page","type-page","status-publish","hentry"],"aioseo_notices":[],"_links":{"self":[{"href":"https:\/\/www.utopians.land\/index.php\/wp-json\/wp\/v2\/pages\/986","targetHints":{"allow":["GET"]}}],"collection":[{"href":"https:\/\/www.utopians.land\/index.php\/wp-json\/wp\/v2\/pages"}],"about":[{"href":"https:\/\/www.utopians.land\/index.php\/wp-json\/wp\/v2\/types\/page"}],"author":[{"embeddable":true,"href":"https:\/\/www.utopians.land\/index.php\/wp-json\/wp\/v2\/users\/1"}],"replies":[{"embeddable":true,"href":"https:\/\/www.utopians.land\/index.php\/wp-json\/wp\/v2\/comments?post=986"}],"version-history":[{"count":15,"href":"https:\/\/www.utopians.land\/index.php\/wp-json\/wp\/v2\/pages\/986\/revisions"}],"predecessor-version":[{"id":1277,"href":"https:\/\/www.utopians.land\/index.php\/wp-json\/wp\/v2\/pages\/986\/revisions\/1277"}],"wp:attachment":[{"href":"https:\/\/www.utopians.land\/index.php\/wp-json\/wp\/v2\/media?parent=986"}],"curies":[{"name":"wp","href":"https:\/\/api.w.org\/{rel}","templated":true}]}}